 is the highest common factor of v and 72?
12
Let y(d) = -d**3 + 5*d**2 - 3*d + 2. Let x be y(3). Let g be (2/(-6))/((-1)/267). Let c = 199 - g. What is the greatest common divisor of x and c?
11
Suppose -1093*d = -1106*d + 416. Calculate the greatest common divisor of d and 10.
2
Let g be 6/15 + (-4)/10. Suppose -y - 3 = g, 153 = 6*p - 2*p + 5*y. Let q = -199 - -220. What is the greatest common divisor of q and p?
21
Suppose 31 = 4*c - 5*f, 0 = -4*c + 7*c + 2*f - 6. Suppose 34 = c*z - 2*v, 3*z - 9 - 9 = -v. Calculate the greatest common factor of 7 and z.
7
Let a be (-172)/(-10) - 2/30*3. Suppose 3*b - 16 = -2*h - 5, -5*b - 5*h = -20. Suppose 83 = b*r + 32. What is the greatest common factor of a and r?
17
Let g(t) = -t + 5. Let d be g(2). Suppose d*h + 2*v - 44 = -3*v, h = -3*v + 20. Calculate the greatest common divisor of 8 and h.
8
Let d = -195 - -227. Calculate the highest common divisor of d and 288.
32
Suppose v = -t + 7, -t - 7 - 11 = -4*v. Suppose 0 = h - 4 + 1. Calculate the highest common factor of h and t.
1
Let v be (6/(-24))/(5/60). Let u be (2/(-6))/(v/99). Let t be (-11*6)/((-2)/3). Calculate the highest common divisor of u and t.
11
Let z = -28 + 52. Let x be (-2 - (-10)/2)*8/z. What is the greatest common divisor of 6 and x?
1
Let f be 2*4/(24/(-51)). Suppose 0 = -8*r + 4*r - 32. Let g = r - f. Calculate the highest common factor of g and 3.
3
Let u = 59 - 58. Let y(c) = -5*c + 12. Let x(i) = 6*i - 13. Let v(o) = 4*x(o) + 5*y(o). Let w be v(7). What is the greatest common factor of w and u?
1
Let y = 698 - 394. What is the highest common divisor of y and 380?
76
Let x(s) = s + 1 - 3 - 3*s. Let u be x(-2). Suppose 17 = u*i - i. What is the greatest common divisor of 34 and i?
17
Let t be (-53)/(-7) + -5 + 124/28. Suppose 4*a = t*a - 48. What is the greatest common factor of 128 and a?
16
Suppose 5*t = t + 256. Suppose -w = 83 - 219. Suppose w + t = 5*p. Calculate the greatest common divisor of p and 8.
8
Let t be 1 - 2 - (-2)/(-2). Let o = 81 - t. Let f = o - 35. What is the greatest common factor of f and 6?
6
Suppose -6*m - 35*m + 2050 = 0. Suppose -3*r - 65 = -5*x, 3*x - 4*x - 2*r = 0. Calculate the highest common factor of x and m.
10
Let u = -175 + 178. What is the highest common divisor of u and 9?
3
Let q(a) = -28*a**2 - 215*a + 3. Let h be q(-7). Calculate the highest common divisor of h and 68.
68
Suppose -56 = 21*y - 749. What is the greatest common divisor of y and 363?
33
Let l = -81 - -279. Calculate the highest common factor of 22 and l.
22
Let f be 836/176 - 2/(-8). What is the greatest common divisor of f and 40?
5
Let a be -102*-2*(-6)/(-36). What is the greatest common divisor of 85 and a?
17
Suppose 2*d - 2*c = -3 + 1, 12 = 3*c. Suppose d*f - s = -0*s + 41, -2*f - 2*s = -22. What is the greatest common factor of 26 and f?
13
Suppose 0 = 5*l + 3*g - 622 - 261, 876 = 5*l - 4*g. What is the greatest common factor of 220 and l?
44
Let x be (-2)/6 - 722/(-6). Let a(d) = 2*d**3 - 11*d**2 - 6*d + 15. Let l be a(6). What is the greatest common factor of x and l?
15
Let w = 42 - 44. Let l be (6/36*-3)/(w/192). Calculate the highest common divisor of 16 and l.
16
Let i(v) = v**2 + 3*v + 1. Let t be i(-4). Let l be (8/(-6))/(-4) - 560/(-12). Let f = -12 + l. Calculate the highest common divisor of f and t.
5
Let d(m) = -6*m + 170. Let g be d(26). What is the highest common factor of 3 and g?
1
Let b(t) = t + 6*t - 17*t - 12 + 5*t. Let w be b(-8). What is the greatest common divisor of 28 and w?
28
Let z(m) = m**3 - 2*m**2 - m - 7. Let h be z(4). Let x be -2 - (105 + 2)/(-1). What is the greatest common factor of x and h?
21
Suppose 0 = -j + 6*j + d - 515, 540 = 5*j - 4*d. Suppose 5*x - 18*x = -j. What is the greatest common factor of x and 68?
4
Suppose -22*x = -4761 - 2763. Calculate the highest common factor of x and 18.
18
Let n(x) = -x**3 + 2*x**2 + 4*x + 6. Let z be n(-6). Let g(c) = -9*c**2 - 73*c + 2. Let t be g(-8). What is the highest common divisor of t and z?
10
Let a = 835 - 745. Calculate the greatest common factor of 36 and a.
18
Let j(h) = 9*h**2 + 19*h - 3. Let w be j(-3). What is the highest common divisor of 28 and w?
7
Suppose 0 = -o - i - 43, 5*i - 7*i + 201 = -5*o. Let y = -40 - o. Calculate the highest common factor of 4 and y.
1
Let k(w) = -13*w - 15. Let p be k(-15). Calculate the greatest common factor of p and 90.
90
Let z = 378 + -338. Calculate the highest common factor of z and 520.
40
Let p = -23 + 19. Let m be (16/(-4))/(p + 2). Calculate the greatest common divisor of m and 2.
2
Let y(k) = -3*k - 30. Let u(w) = -1. Let o(x) = 6*u(x) + y(x). Let t be o(-15). Calculate the highest common factor of 90 and t.
9
Suppose 4*m + 192 = -2*r + 5*r, m = -3. Suppose v = 5*v - r. Let w = 2552 + -2387. What is the highest common divisor of v and w?
15
Suppose 0 = 5*k + 5*g - 800, k - g - 190 = 4*g. What is the greatest common factor of k and 55?
55
Suppose -8*f + 300 = 4*f. Suppose 2*o + 0*b - 60 = -2*b, 0 = 5*o - 3*b - 110. Calculate the greatest common factor of f and o.
25
Suppose -368 = 5*j - 693. What is the highest common divisor of j and 10?
5
Let a = 2 - -5. Suppose -5*j + g + 30 - 1 = 0, -2*g = -j - 5. What is the greatest common divisor of a and j?
7
Let y(q) = 4*q**2 + 7*q + 5. Let w = 36 - 41. Let l be y(w). Calculate the highest common divisor of l and 28.
14
Let h be 102/(-68)*20/(-2). Suppose -3*t = 2*t - 2*c - 8, -3*c + 3 = 0. Let g be 5 + (0 + 0 - t). What is the highest common divisor of g and h?
3
Let t = 749 - 269. Calculate the greatest common divisor of 40 and t.
40
Let d = 1577 + -1234. What is the greatest common divisor of 21 and d?
7
Let i(y) = 85*y**2 - 26*y - 101. Let x be i(-4). What is the highest common divisor of x and 29?
29
Let q = 132 - 74. Calculate the greatest common factor of 58 and q.
58
Suppose 6*o = 3*o + 3*v + 84, -3*o - 4*v + 112 = 0. Let q be (576/(-108))/(-2 - 34/(-18)). What is the highest common divisor of o and q?
16
Suppose -3 = -2*k + 3. Suppose 0 = -3*b + 260 + 43. Suppose k*v - 135 = -4*u + 223, 0 = -u + 5*v + b. Calculate the greatest common divisor of u and 13.
13
Suppose 0 = 5*m - 25, 2*d - m - 157 = -0. Suppose 0 = -0*f + f - 4, 2*x = 4*f + 2. Calculate the highest common factor of x and d.
9
Let b(p) = -4*p. Let z be b(-1). Suppose -z*j = -329 - 63. Calculate the greatest common divisor of 14 and j.
14
Let z(p) = -4*p**2 - 23*p + 4. Let h be z(-5). Suppose 0 = -m - 4*r + 45, -3*m + 0*r = r - 168. Calculate the highest common factor of h and m.
19
Let a(z) = -10*z - 2. Let w = -4 + -2. Let u be a(w). Let x be ((-9)/3 - -1) + u. What is the greatest common divisor of 84 and x?
28
Let p be (-2)/(-11) + (-280)/88. Let n = 7 + p. Let h be 8/n + -4 - -20. What is the highest common divisor of 27 and h?
9
Suppose -4*z = 3*m - 8*m + 29, 2*z = -5*m + 23. Suppose 3 = t + m. Let a = t + 9. What is the greatest common factor of 21 and a?
7
Let i(s) = 3*s**2 - 25*s - 3. Let u be i(16). Calculate the greatest common factor of u and 292.
73
Let w(a) = -a**3 - 6*a**2 + 22*a - 31. Let z be w(-9). What is the highest common factor of 224 and z?
14
Let w(a) = 16*a**2 - 12*a - 27. Let t be w(-3). What is the greatest common factor of t and 714?
51
Let o = -1307 + 1460. Calculate the greatest common divisor of 714 and o.
51
Let x(g) = -g**2 - 3*g + 10. Let z be x(-5). Let i be ((0 - 1) + z)*512/(-32). Let b = 128 - 64. Calculate the greatest common divisor of i and b.
16
Let s(q) = -43*q - 322. Let c be s(-8). Calculate the highest common divisor of c and 2.
2
Suppose 3283*r - 60 = 3277*r. Calculate the highest common divisor of 86 and r.
2
Suppose 3*y + 3*x = -0*y, -12 = -4*y + 2*x. Suppose y*p = -5 + 11. Suppose p*w - 13 - 26 = 0. What is the greatest common divisor of w and 39?
13
Let t be 8/12 - (-800)/15. Calculate the greatest common factor of 12 and t.
6
Suppose 39 = 7*s + 4. Suppose -7*h - s*k = -2*h - 680, 564 = 4*h - k. What is the greatest common divisor of 14 and h?
14
Let t(b) = -b**2 + 18*b - 14. Let o be t(17). Calculate the greatest common divisor of o and 69.
3
Let v = 1 + 15. Let x be ((-3)/4)/(2/8) + 7. What is the greatest common factor of v and x?
4
Let i(y) = 6*y**3 - y. Let m be i(1). Suppose -m*t = -t - 208. Let o be (-5 - -8)/(6/t). W